8 divide 1115393280?
True
Is 359 a factor of 457728231?
True
Does 11 divide 2047285416?
True
Is 110319037 a multiple of 4980?
False
Is 169 a factor of 154726598?
True
Is 26 a factor of 1397188?
True
Does 9 divide 83156576?
False
Does 35 divide 11107622?
False
Is 2498959209 a multiple of 338?
False
Is 7 a factor of 63343?
True
Is 30630047 a multiple of 101?
False
Is 13739315 a multiple of 19?
False
Is 827 a factor of 343803377?
False
Is 94206331 a multiple of 107?
True
Is 137083228 a multiple of 106?
True
Is 166316241 a multiple of 1029?
True
Is 3606 a factor of 702964458?
True
Is 984831988 a multiple of 154?
False
Is 35423297 a multiple of 754?
False
Is 1039610806 a multiple of 41?
False
Is 2602 a factor of 48639507?
False
Does 186 divide 373563385?
False
Is 29561350 a multiple of 365?
True
Does 580 divide 86660322?
False
Is 915959063 a multiple of 95?
False
Is 472463143 a multiple of 4?
False
Is 32 a factor of 5203691721?
False
Does 6 divide 226115802?
True
Does 6 divide 1180390581?
False
Is 20 a factor of 97274940?
True
Is 28501018 a multiple of 149?
True
Does 11 divide 105491825?
False
Does 13 divide 63439193?
False
Is 15111390 a multiple of 621?
False
Does 30 divide 221419140?
True
Is 701236141 a multiple of 73?
False
Is 397 a factor of 27034112?
True
Does 1070 divide 323871013?
False
Is 192369728 a multiple of 64?
True
Is 2 a factor of 5825881?
False
Does 10 divide 526183587?
False
Is 9155476 a multiple of 10?
False
Is 72918049 a multiple of 30?
False
Is 680 a factor of 111870917?
False
Is 1764320494 a multiple of 25?
False
Is 508953724 a multiple of 7444?
True
Is 129717028 a multiple of 532?
True
Is 51049913 a multiple of 653?
False
Is 1020 a factor of 841625460?
True
Does 6483 divide 211216140?
True
Does 6 divide 1788654360?
True
Is 69 a factor of 10031013?
True
Is 1404744078 a multiple of 119?
False
Is 14 a factor of 1894060644?
True
Is 363115045 a multiple of 136?
False
Does 227 divide 884194186?
False
Does 928 divide 435012064?
True
Is 837 a factor of 62433811?
False
Is 280382844 a multiple of 4338?
False
Is 5625 a factor of 192453479?
False
Is 69 a factor of 84336285?
True
Is 1258177174 a multiple of 7?
False
Is 7784601435 a multiple of 19?
True
Does 3020 divide 18902180?
True
Is 778 a factor of 28116920?
True
Does 162 divide 37264079?
False
Does 26 divide 31658571?
False
Does 16 divide 27093136?
True
Is 1944497285 a multiple of 3550?
False
Is 4 a factor of 573228074?
False
Is 12 a factor of 506568450?
False
Does 17 divide 25745361?
True
Is 3027 a factor of 1284183561?
True
Is 39 a factor of 26561886?
True
Is 45 a factor of 95395786?
False
Does 268 divide 20642700?
True
Is 1787 a factor of 10562957?
True
Is 115506630 a multiple of 61?
False
Is 15 a factor of 24734744?
False
Is 43673410 a multiple of 34?
False
Does 51 divide 711631793?
False
Does 1142 divide 60036082?
True
Is 352169202 even?
True
Is 15 a factor of 1252806?
False
Is 3834140 a multiple of 75?
False
Is 992 a factor of 63239008?
True
Is 67490313 a multiple of 3451?
False
Does 1054 divide 79715084?
False
Is 628420321 a multiple of 1151?
False
Is 18510159 a multiple of 214?
False
Is 1601201 a multiple of 45?
False
Is 75 a factor of 316221225?
True
Is 23476168 a multiple of 521?
False
Does 312 divide 509246953?
False
Does 883 divide 16779397?
False
Does 389 divide 740922465?
True
Is 92 a factor of 8223562?
False
Is 2476 a factor of 2826225388?
False
Is 138357083 a multiple of 207?
False
Is 2241 a factor of 122459445?
True
Does 11 divide 22154275?
True
Is 18401728 a multiple of 3272?
True
Is 2292675591 a multiple of 9869?
False
Does 59 divide 1014075834?
True
Is 29 a factor of 579745125?
False
Is 200 a factor of 177126400?
True
Does 811 divide 958875164?
False
Is 107226654 a multiple of 12?
False
Does 1751 divide 279296376?
False
Does 4098 divide 3943030771?
False
Does 628 divide 1604546534?
False
Is 2666392 a multiple of 561?
False
Does 234 divide 85976188?
False
Does 95 divide 76887182?
False
Does 161 divide 19484381?
True
Is 90 a factor of 1081157651?
False
Does 5 divide 13444248?
False
Is 762206 a multiple of 4?
False
Is 1044 a factor of 16002460?
False
Does 10974 divide 2069751270?
True
Is 45209626 a multiple of 683?
False
Is 7628 a factor of 2323282844?
True
Does 32 divide 43516571?
False
Is 130835401 a multiple of 557?
True
Does 19 divide 684879396?
True
Does 5 divide 15504480?
True
Is 29163613 a multiple of 471?
False
Does 26 divide 2283055?
False
Does 282 divide 162808334?
False
Is 4618 a factor of 106089314?
True
Does 8 divide 27555047?
False
Is 182050552 a multiple of 1499?
True
Is 55 a factor of 303362290?
True
Is 10 a factor of 950095470?
True
Is 20 a factor of 68087660?
True
Is 15 a factor of 114348950?
False
Does 50 divide 2091884145?
False
Does 20 divide 30090314?
False
Does 17 divide 44196821?
True
Does 50 divide 47372955?
False
Is 24 a factor of 453306037?
False
Is 1786 a factor of 802126534?
True
Is 1885057314 a multiple of 42?
True
Is 115785806 a multiple of 58?
True
Is 164 a factor of 49164284?
False
Is 313 a factor of 114204623?
True
Is 586544943 a multiple of 122?
False
Is 171368082 a multiple of 46?
False
Does 4 divide 8457402?
False
Does 11 divide 2731108450?
False
Does 2737 divide 240160802?
True
Does 93 divide 24782361?
True
Is 34893280 a multiple of 16?
True
Is 948 a factor of 15779442?
False
Is 254551 a multiple of 51?
False
Is 3085015 a multiple of 2?
False
Is 575159572 a multiple of 884?
True
Does 12 divide 28885312?
False
Is 125 a factor of 947004595?
False
Does 26 divide 44768092?
False
Is 71 a factor of 47628149?
True
Is 38430250 a multiple of 10?
True
Is 10570234 a multiple of 4?
False
Is 13619 a factor of 8415670088?
False
Is 361022321 a multiple of 40?
False
Is 12149393 a multiple of 51?
False
Is 113 a factor of 45377409?
False
Does 2310 divide 91313973?
False
Is 206404820 a multiple of 17?
True
Is 453 a factor of 9924338?
False
Is 232350285 a multiple of 217?
False
Does 159 divide 3588787015?
False
Does 3858 divide 34459656?
True
Is 12 a factor of 55926012?
True
Does 4825 divide 143469648?
False
Does 6 divide 3648750?
True
Does 14 divide 322384891?
False
Is 130456172 a multiple of 77?
True
Does 602 divide 277696304?
False
Is 207 a factor of 195922602?
True
Does 5 divide 1161776?
False
Is 65986012 a multiple of 38?
True
Does 3416 divide 1047065488?
True
Does 1128 divide 56742912?
True
Does 47 divide 100125792?
True
Does 24 divide 111060768?
True
Does 51 divide 1213709118?
True
Does 2660 divide 54189009?
False
Is 4898819720 a multiple of 488?
True
Is 25009014 a multiple of 303?
True
Is 145753099 a multiple of 698?
False
Does 22 divide 375191434?
False
Does 15 divide 14984475?
True
Does 22 divide 32238348?
False
Is 9211805 a multiple of 363?
False
Does 4675 divide 65305075?
True
Is 1186703923 a multiple of 261?
False
Does 200 divide 32585800?
True
Does 168 divide 958194216?
True
Is 351996 a multiple of 3?
True
Is 56 a factor of 4996824?
True
Is 3 a factor of 14105106?
True
Is 71690904 a multiple of 1887?
True
Does 163 divide 509336773?
False
Is 6 a factor of 265591134?
True
Is 9223 a factor of 147873539?
False
Is 2321656260 a multiple of 49?
True
Is 1177 a factor of 55656799?
True
Is 8212545 a multiple of 1073?
False
Is 417 a factor of 7162392?
True
Is 31349293 a multiple of 365?
False
Is 12 a factor of 981610584?
True
Is 103835241 a multiple of 29?
False
Is 21 a factor of 171253782?
True
Does 1107 divide 38217422?
False
Is 178 a factor of 3720200?
True
Is 25 a factor of 52039400?
True
Is 407 a factor of 937886261?
False
Is 1201 a factor of 26044123?
False
Is 13 a factor of 9392655?
False
Is 15967 a factor of 327563005?
True
Is 1624 a factor of 122703029?
False
Does 306 divide 397526742?
True
Is 36 a factor of 20445246?
False
Is 3968 a factor of 151654160?
False
Is 8772825 a multiple of 13?
False
Is 42 a factor of 4751696?
False
Does 18 divide 998910147?
False
Is 2682404408 a multiple of 459?
False
Is 354 a factor of 6669410976?
True
Is 265 a factor of 25720352?
False
Does 48 divide 415924486?
False
Is 19 a factor of 110797151?
True
Is 5895337241 a multiple of 308?
False
Is 2194 a factor of 56759635?
False
Is 10094280 a multiple of 183?
True
Is 3679574624 a multiple of 869?
False
Does 116 divide 104196536?
True
Is 21218542 a multiple o